*n + 272. Let q(u) = 3*h(u) - 5*o(u). Is q(10) prime?
True
Let k be 1 - (-4 - -8)/(-2). Suppose k*i + 3*l = -0*i + 14340, 3 = -l. Is i a prime number?
True
Is 22847 - (((-90)/6 - -9) + 0) a composite number?
False
Let n be 3 - (-9 - -4 - -4). Suppose -26548 = -n*x + 2*a, 4*x - 3*a = 39823 - 13275. Is x a composite number?
False
Let s(d) = 2050*d**2 - 16*d - 133. Is s(9) prime?
False
Let y(f) = f + 12. Let d be y(-2). Let t(j) = j**3 - 12*j**2 + 21*j - 14. Let v be t(d). Let p(b) = -217*b - 33. Is p(v) a prime number?
False
Suppose -t = 5*y - 4*y - 3, 3*t - 5*y = 17. Suppose -4319 = -k + 4*m, -5*k - t*m + 9*m = -21625. Is k a composite number?
False
Is (-18)/(-522) + (-82712752)/(-116) prime?
False
Suppose -1470269 = -13*m + 1482064 - 1148882. Is m a prime number?
True
Suppose 3*p + 4*b - 9 = 0, 0 = -4*p - b - b + 12. Let o be p/15 - (-688368)/(-15). Is (-2)/3*o/6 a composite number?
False
Let w(z) = 170*z**2 - 631*z + 636*z + 76*z**2 + 37. Is w(-4) prime?
False
Suppose -3*y + 2*y = -9. Let u(r) = -y*r + 26 - 5*r - 7 + 8. Is u(-16) prime?
True
Suppose -9*s - 111 = -156. Suppose -f + 2*f - 469 = -2*b, -s*b - 3*f = -1170. Is b composite?
True
Suppose 0 = -d - 5*p - 665, -2*d - 5*p = -3*p + 1370. Let x(s) = -22*s**3 + 2*s**2 + 2*s + 5. Let n be x(4). Let i = d - n. Is i prime?
True
Let d = 19180 - -7597. Is d a composite number?
False
Suppose -5*l + 3*x = x - 19, 5*l - 40 = -5*x. Suppose 3*a + q - 427 = -q, 709 = l*a + 4*q. Is a a prime number?
False
Let u(o) = o**3 + 5*o**2 - 5*o - 10. Let t be u(-5). Suppose 0*c + t = 5*c. Is (c + -4)*-2*(-157)/(-2) prime?
True
Suppose 4*f + 5704 = l, 3*f + 0*f - 2*l = -4273. Let x = 2962 + f. Is x a composite number?
True
Let u(z) = 11*z**2 - 4*z - 4. Let q be ((-3)/9)/(290/(-72) - -4). Let x be u(q). Let c = -793 + x. Is c composite?
False
Suppose 3040 + 3194 = 2*n. Is n*((3 - 6/9) + -2) a prime number?
True
Let u(s) = 493*s**2 - 8*s - 53. Let j = 172 + -176. Is u(j) a prime number?
True
Let j(f) = 43282*f + 10281. Is j(5) a prime number?
True
Let g be (-2596)/18 - (-1 + 21/27). Let q = g - -148. Suppose -p = q*z - 327, 3*z + 129 + 198 = p. Is p composite?
True
Let l(z) = 34712*z**2 - 14*z + 1. Is l(2) prime?
True
Suppose -18*m + 1288069 = -228665. Is m prime?
True
Suppose 2*b = 4*v - 925394, 31*v - 33*v - 2*b = -462688. Is v prime?
True
Let f(x) = 7*x**2 + 2*x + 3517. Suppose 0*y + 0*y = -6*y. Is f(y) a composite number?
False
Let r = -76 + 64. Let h be ((-10)/6)/5*r. Suppose -w - 337 = -4*b, -3*w + 347 = h*b - 6*w. Is b prime?
True
Suppose 2252 = -285*f + 281*f. Is f*(4 - 1 - 4) a prime number?
True
Let w be 5 + (-14541)/(-15) - 9/(-15). Let j = 3586 + w. Is j composite?
False
Suppose -210 = 22*z - 25*z. Suppose 68*m - z*m + 5982 = 0. Is m a prime number?
False
Let p = 19280 + -13369. Let h = p - 2304. Is h prime?
True
Let v(z) = 2*z**3 + z**2 + 2*z + 5. Let w be v(0). Suppose w*h - 108435 = 3*a - a, -3*a = 15. Is h prime?
False
Suppose -5*z + 2*d = -127205, -2*z - 10*d = -12*d - 50888. Is z a prime number?
True
Let m = 380 + -377. Suppose -m*d + 0*p - p + 649 = 0, 3*d + 5*p - 665 = 0. Is d prime?
False
Suppose 33*d = 119487 + 271992. Is d a composite number?
False
Suppose 214*l - 2321098 - 5887728 = 0. Is l a composite number?
True
Suppose 3*x = 47769 - 47757. Let w be (-5)/2*(1 - 3). Suppose x*k = -5*h + 1331, -w*k - 5*h - 431 = -2091. Is k prime?
False
Is (-757921)/(-1)*(5 + (-36)/9) composite?
True
Let v = -2091 - -4328. Is v prime?
True
Is (6/12)/(1/(-1026514))*(49 + -50) prime?
True
Let d = -253 + 244. Is (-4687)/d - 12/(-54) a prime number?
True
Suppose 0 = -5*m - 25, 3*w + 21 = w - 5*m. Let p be (15 - 7) + (-8)/w. Suppose -p*j - 5*j + 738 = 0. Is j prime?
False
Suppose 4*x = g - 1427, 0*g + 3*g = 2*x + 4331. Suppose 3*j - 6154 = 3*r - g, -7841 = -5*j + 4*r. Is j prime?
False
Let y(p) = -11*p**3 - 8*p**2 - 13*p - 3. Let c be y(-7). Suppose c = 5*k - 1476. Is k a composite number?
True
Suppose -336*f + 324*f = -78564. Is f a composite number?
False
Let f(l) = -2*l**2 + 84*l - 15. Suppose -12*k = -4*b - 9*k + 65, 0 = 4*k + 12. Is f(b) a composite number?
False
Suppose -8 = -o - o. Suppose o*y + 0*y = 20. Suppose -445 = -y*i + 190. Is i a composite number?
False
Let z(n) = -n**3 + 17*n**2 + 11*n - 15. Suppose 0 = -4*d - 4*r + 64, -d - 5*r + 52 = 2*d. Let j be z(d). Suppose -4*l = j - 3555. Is l composite?
True
Is (3 - 1) + -1 - (-48 - 10404) composite?
False
Let k(p) = -1023*p**3 + 21*p**2 + 119*p + 41. Is k(-6) a prime number?
False
Let h(y) = -7*y**2 - 280*y - 53. Is h(-30) a prime number?
False
Suppose -17*z = -50*z + 750783. Is z a composite number?
False
Suppose 14*z - 325 = -11*z. Suppose -z*i - 9*i = -21274. Is i prime?
True
Let b(x) = 65*x - 5 - 11*x + 25 + 14*x. Let g be b(-5). Let p = g - -477. Is p composite?
False
Suppose -3*b = -2*i - 11, -3*b + 0*b + 7 = -4*i. Suppose -4*h + 7 = u, -5*u - i = -h + 5. Is ((-1)/h)/(11/(-836)) a composite number?
True
Let d be (18/36)/((-1)/120). Let y be ((-48)/d)/((-2)/(-5)). Suppose 0 = -0*s + y*s - 518. Is s composite?
True
Suppose 2*f + 5*f - 2*f = 0. Suppose 5*i + 35010 - 101465 = f. Is i a composite number?
False
Let i = -6 - -13. Let b be i/5 + 4/(-10) - -1. Is (-1 - 7553)/b*17/(-51) a composite number?
False
Is (34 + 0)*(26 + (-6674)/(-4)) a composite number?
True
Suppose -155 = -18*o + 13*o - 5*s, 5*o = -3*s + 147. Suppose 0 = -4*l - 4*v + o - 3, 5*l = 2*v + 23. Is (l + 0)*-1 - -2488 composite?
True
Let p(s) = -196*s + 8. Let x be (-6)/(-24) - 76/(-16). Let q be p(x). Let g = 3427 + q. Is g composite?
True
Let c(l) = -50*l**3 - 7*l**2 - l + 3. Let p = 44 - 49. Let j be c(p). Let w = j + -3934. Is w a composite number?
True
Let y = 18885 + -12364. Is y a composite number?
False
Let y(l) = -2*l**3 + 12*l**2 + 14*l - 46. Is y(-15) a composite number?
True
Let c(m) = -m + 10. Let j be c(5). Let u(b) = 2*b**3 - 9*b**2 - 6*b + 11. Let v be u(j). Is ((-46018)/57)/((-4)/v - 0) a prime number?
False
Suppose 4*t - 339*s = -335*s + 207936, -5*s + 103947 = 2*t. Is t a prime number?
False
Suppose -4*n + 36*o + 1547398 = 38*o, 386844 = n - 5*o. Is n prime?
False
Let i(n) = n**3 - 18*n**2 + 16*n + 19. Let m be i(17). Let f be (m*3/(-12))/((-8)/(-80)). Is 9 + f + 90 + 3 a prime number?
True
Let t = -15291 + 3156. Let n = -4576 - t. Is n a prime number?
True
Suppose 45664 - 3886 = 18*h. Is h a composite number?
True
Suppose 0 = 5*w + 5, -w - 6 = 5*y - 0. Let g = 6 + y. Suppose r + 29 - 331 = -g*i, -i = -3. Is r a prime number?
False
Let s(v) = 2343*v**2 + 12*v - 2. Is s(9) a composite number?
True
Is (495/297)/(4/175732*4/12) composite?
True
Suppose h - 4 = -w - 0, 0 = h - 3*w. Suppose h*b - 9572 = -b. Is b composite?
False
Let f(j) = 615*j + 32. Let k be f(4). Suppose -12558 + k = -2*n. Is n a composite number?
True
Let m = 6311 + 3782. Suppose -5*h = -3*o + 10105, -3*h + m = 3*o - 2*h. Is o a prime number?
False
Let y = -120 - -123. Suppose -y*k + l = -19122, 3*k - 12268 = -5*l + 6836. Is k a prime number?
True
Suppose -4*u = -0*u - 128. Let i = 476 + u. Let p = 2425 + i. Is p prime?
False
Suppose 52*i + 6777 = 53*i. Suppose 5*q - 7531 = -4*t - 764, i = 4*t - 5*q. Is t a composite number?
False
Let r(i) be the third derivative of -131*i**4/6 - 11*i**3/3 + 28*i**2. Is r(-1) a prime number?
False
Suppose -279*z + 13033517 + 41072116 = 0. Is z a composite number?
True
Let f be ((-3293)/2 - 6)*60/(-75). Suppose 2*k = -2*k + 348. Let q = k + f. Is q a composite number?
False
Let m(s) = -3*s**2 - 59*s + 17. Let q be m(0). Let b(u) be the third derivative of u**5/15 - 29*u**4/24 - 5*u**3/3 - u**2. Is b(q) a composite number?
False
Let i be ((-14)/(-1) - 1) + 3. Let t = -11 + i. Suppose -2*m + t*b = -1497, -b = -4*m + 2060 + 925. Is m a composite number?
True
Is 4/7 + -10*533895876/(-2520) composite?
True
Suppose -19*q - 162 = -37*q. Is (-82)/(-369) - (-43531)/q prime?
False
Suppose 26027 = -2*a + 3*a + 2*h, -a = -5*h - 26034. Let w = -14012 + a. Is w composite?
True
Let c = 14 + 6. Suppose p + c - 10 = 0. Is 15/p*-58*1 prime?
False
Let r = -972486 - -1373573. Is r a prime number?
True
Let z = 55046 - -53297. Is z composite?
False
Let s(d) be the first derivative of 9*d**2/2 - 4*d + 40. Let b be s(-8). Let n = 407 + b. Is n a composite number?
False
Let x(p) = 31*p**2